= -2*u, -5*r + u + 16 = -0. Suppose m - r*t = 47, -3*t - 38 = 2*m - 96. Let b(i) = 3*i + 3. Calculate the remainder when m is divided by b(3).
11
Let m be (3 + 1 + -1)*1. Suppose -h - 3*c - 83 = 0, h + 2*c - 88 = 2*h. What is the remainder when -3*m/(18/h) is divided by 15?
13
Let k(b) = -b**3 - 2*b**2 - b + 1. Let l be k(-2). Let i be l - (-5)/((-10)/42). Calculate the remainder when 11 is divided by i/(-4)*(-8)/(-6).
5
Let v(r) be the first derivative of 0*r**2 + 19*r - 1/3*r**3 + 6. Calculate the remainder when 74 is divided by v(0).
17
Suppose t = -t + 12. Let j be (-3)/t + 2/(-4). Calculate the remainder when 23 is divided by 12 + (1 - j - 2).
11
What is the remainder when 448 is divided by 24/(-32)*-52 + -5 - -3?
4
Suppose -2*n = 5*z - 45, 7*z = -n + 3*z + 18. What is the remainder when 507 is divided by n?
27
Let c(b) = -b**2 + 6*b - 2. Let o be c(6). Let y = o - -6. Calculate the remainder when 17 is divided by y.
1
Let i(x) = -x**3 + 2*x**2 + x + 22. What is the remainder when 115 is divided by i(0)?
5
Let c(f) = f + 35. Let r = -124 + 146. Calculate the remainder when 111 is divided by c(r).
54
Suppose -2*d - 3252 = -5*u, 50*d - 49*d = 3*u - 1952. Calculate the remainder when u is divided by 164.
160
Suppose 2283*r - 2276*r - 196 = 0. What is the remainder when (-2)/(-7) + 1494/14 is divided by r?
23
Let x = -68 + 123. Suppose 18290 - 18002 = 18*g. Calculate the remainder when x is divided by g.
7
Let m(t) = 4*t**2 - 9*t - 1. Let c(a) = -a**2 + 5*a - 2. Let z be c(2). What is the remainder when m(z) is divided by 6?
3
Let c(j) = -5*j + 2*j**2 + 5*j**3 + 3*j - 2 - j**3. What is the remainder when c(2) is divided by 18?
16
Suppose -156 = -4*k - 4*i, k - 4*k - i + 107 = 0. Suppose 4*t + 11 = 4*j + t, -18 = -2*j + 4*t. Let a = 11 - j. What is the remainder when k is divided by a?
10
Let r(i) = i**3 - 41*i**2 + 61*i - 100. Calculate the remainder when r(40) is divided by 57.
56
Suppose -3*d - 53 + 14 = 0. Let y be d/(-1 + 0) + 1. Suppose x + 3*u = 15, 0 = 5*x + 5*u - 21 - y. What is the remainder when 4 is divided by x?
1
Suppose -23 = l - 24. Calculate the remainder when l + -2 - (3 - 135)/2 is divided by 34.
31
Suppose 3*y = -3*r + 48, 0 = -6*r + 5*r + 3. Suppose 22 = -2*v - 0*s - 2*s, -2*s = 5*v + 52. Let a = v - -59. Calculate the remainder when a is divided by y.
10
Let l(c) = 2*c - 13. Let v be l(9). Let n(w) = -20 - v*w - w + w. Calculate the remainder when 48 is divided by n(-9).
23
What is the remainder when 30 is divided by 1/((-18)/(-4)) + 2244/594?
2
Let i be (72/(-63))/((-2)/7). Suppose -5*f + 39 = i*k, -f = -5 + 2. Calculate the remainder when k is divided by 2.
0
Let y = 78 - -35. What is the remainder when y is divided by 30?
23
Suppose -11*f = -8*f - 30. Suppose -f = 4*p + p, -z + 21 = p. Calculate the remainder when 91 is divided by z.
22
Let y = -36 - -14. Let z = y + 38. Calculate the remainder when 24 is divided by z.
8
Suppose 0 = -2*k - 10*q - 24, 31*k + 4 = 30*k - 3*q. What is the remainder when (-21)/(-4)*2*2 is divided by k?
5
What is the remainder when 58/14 + (-21)/147 - -88 is divided by 16?
12
Let m = 169 + -109. Suppose -6*l = -2*l - m. What is the remainder when 55 is divided by l?
10
Let k(p) = -2*p**3 - 28*p**2 + 32*p + 43. Calculate the remainder when k(-15) is divided by 7.
6
Let s(h) = h**3 + h**2 - 14. Let i be s(0). Let p = i - -4. Calculate the remainder when 78 is divided by 2/(0 - 1/p).
18
Let g(o) = 117*o - 77. Calculate the remainder when g(12) is divided by 121.
117
Suppose -5*g + 3*m + 3 = 0, -3*g - 5*m - 5 = -4*g. Suppose g = -4*w + 14 + 42. Let s(r) = r**2 + 2*r - 4. Calculate the remainder when w is divided by s(-4).
2
Suppose 2*n = 1 + 15. Let x = n + -8. Suppose -9 + x = -v. Calculate the remainder when 26 is divided by v.
8
Suppose 107*x - 41 = 106*x. Calculate the remainder when 243 is divided by x.
38
Let d = 2072 - 2006. Calculate the remainder when 126 is divided by d.
60
Let l = -80 + 40. Let r = 60 + l. What is the remainder when r is divided by 11?
9
Let u be -1*0/(1 + -3). Suppose 2*o - 24 = -u. Calculate the remainder when o is divided by 0 + 3 - (2 - 3).
0
Let w = 158 - 129. Calculate the remainder when 137 is divided by w.
21
Let r be -24*8*(-3)/(-6). Let n = -68 - r. Let k = n - 5. What is the remainder when k is divided by 8?
7
Let w(f) = 92*f**3 - 11*f**2 + f - 1. Suppose -3*u + 4*g + 62 = 0, -u + 43 - 4 = -5*g. What is the remainder when w(1) is divided by u?
11
Suppose 33*o = 3618 + 3246. What is the remainder when o is divided by 76?
56
Suppose -3*v + 371 = 2*o, -213 = -2*v - 4*o + 29. Let f = -89 + v. Calculate the remainder when f is divided by 13.
10
Let l(y) = 3*y - 14. Let d be 10 + (-3 - (-4 + 3)). Suppose 3*c = 2*s - c - 2, -4*s = -3*c - 9. What is the remainder when l(d) is divided by s?
1
Suppose -43 = -6*n + 5. Let j = 270 + -176. What is the remainder when 2/(n/j)*2 is divided by 16?
15
Let w be 117/36 - (3/(-4))/(-3). Suppose -3*r + 779 = 2*r - w*q, 3*r + 5*q = 481. What is the remainder when r is divided by 40?
37
Suppose -5*h = -3*h. Suppose 3*m + 7 + 2 = 0, 3*q - 2*m - 204 = h. Let u(t) = t + 13. Calculate the remainder when q is divided by u(10).
20
Let h = 427 + -343. Suppose 4*k - 203 = -87. What is the remainder when h is divided by k?
26
Let n = 249 - -11. Calculate the remainder when 526 is divided by n.
6
Let y = 201 + -96. Suppose 12*g - y = 5*g. What is the remainder when g is divided by 5?
0
Suppose 11*x - 13*x + 96 = 0. What is the remainder when 186 is divided by x?
42
Let k = 73 + -73. Calculate the remainder when (-1380)/90*(-1 + -2 + k) is divided by 12.
10
Calculate the remainder when ((-135)/36)/(3/(-64)) + -2 is divided by 14.
8
What is the remainder when 154 is divided by -111*32/24*(-3)/12?
6
Suppose -3*w = -5*q + 40, -4*q = 2*w - 113 + 59. Suppose o - 8 = 35. Calculate the remainder when o is divided by q.
10
Let z = -2051 + 2295. What is the remainder when z is divided by 8?
4
Let a(d) = -2*d**3 - 13*d**2 - 19*d + 3. Let t(j) = 10*j**2 + j + 3. What is the remainder when t(-3) is divided by a(-5)?
21
Suppose 4*k = 2*s + 128, -5*k - 3*s + 182 - 22 = 0. Let o be 1/(5/(-12))*-25. Suppose -o = -4*n + k. What is the remainder when 44 is divided by n?
21
Let j = 285 - 214. What is the remainder when j is divided by 26?
19
Let b(h) = h**3 + h**2 - h + 364. Let l be b(0). Suppose -2*q = 2*q - l. What is the remainder when (1 - 2) + q + -5 is divided by 22?
19
Suppose 2*i - 5*c - 731 = 0, -133*i + 4*c = -131*i - 728. What is the remainder when i is divided by 20?
18
Suppose 2*c + 16 = 4*n, -3*c - 4*n = n + 57. Let w = c + 14. Let g = 6 - w. What is the remainder when 16 is divided by g?
4
Suppose -24*u + 440 = -304. Calculate the remainder when u is divided by 16.
15
Let o be 51/119 + (-438)/(-7). Suppose 0 = -5*v + l + 53, 5*l = -5*v + l + o. What is the remainder when v is divided by 3?
2
Let y be (0 - -1)/(11/66). Let g(r) = 32*r - 29. What is the remainder when g(y) is divided by 41?
40
Let t be -1*741/(-12) + (-6)/(-24). Suppose -570 = -4*j - t. Calculate the remainder when j is divided by 26.
23
Let x(o) = -o**2 - 2*o + 33. What is the remainder when x(0) is divided by (1 - -1) + 15*1?
16
Let q = 58 + -35. What is the remainder when 11*1 - (24 - q) is divided by 3?
1
Suppose 29 = 8*o - 27. Let t(a) = -13*a. What is the remainder when t(-1) is divided by o?
6
Let m = -69 + 106. Suppose -2*j = 3*p - 156, 5*p - 92 = -j - 0*j. Calculate the remainder when j is divided by m.
35
Suppose -3*c + s + 1317 = 0, 3*s + 1305 = 3*c + 6*s. Suppose m - c = -5*m. Calculate the remainder when m is divided by 25.
23
Suppose -7*v = 4773 - 4892. What is the remainder when 61 is divided by v?
10
Let v = -67 - -121. Let c = -48 + v. Calculate the remainder when 38 is divided by c.
2
Suppose 183 - 281 = -7*z. Calculate the remainder when 195 is divided by z.
13
Suppose 4*y - 104 = -2*z, z + 32 = 2*z - 3*y. Suppose 4*j + 2*x - x = 52, 0 = 5*j - 4*x - z. Calculate the remainder when 23 is divided by j.
11
Let k(q) be the first derivative of -q**4/4 + 4*q**3 - 6*q**2 + 24*q + 53. What is the remainder when 36 is divided by k(11)?
10
Let u be 6/(-1) + 3 - (0 - 5). Suppose 0*r = -4*r - 8, -5*w + 67 = 4*r. What is the remainder when 9/u*(-112)/(-12) is divided b